 the greatest common divisor of s and 46.
23
Suppose 0 = -6*b - 210 + 798. Calculate the highest common factor of b and 14.
14
Suppose 0 = -7*s - 4*s + 968. Let l(c) = c + 4. Let x be l(4). Calculate the highest common factor of s and x.
8
Suppose -q = 2*q - 39. What is the highest common factor of 39 and q?
13
Suppose 0*j + 4*j - p - 302 = 0, -81 = -j + 3*p. What is the highest common factor of 50 and j?
25
Suppose -2*i - 7 = -2*w + 19, -4*i - 32 = w. Let j be 3/i*(0 + -33). Let r be (-176)/(-2) + 1 + -1. What is the highest common factor of j and r?
11
Let f = -48 - -257. Calculate the highest common factor of 19 and f.
19
Suppose 0 = -l + 3 + 2. Suppose -l*y + d = -403, d = 3*y - 3*d - 252. Calculate the highest common divisor of 16 and y.
16
Let i = -48 - -106. Calculate the greatest common factor of i and 145.
29
Let q = -35 - -77. Calculate the highest common divisor of 336 and q.
42
Suppose -5*o + 3*h = -526 - 29, 357 = 3*o + 3*h. Let m = o + -39. What is the greatest common factor of 15 and m?
15
Let l(u) = u**3 - 6*u**2 + 4*u + 2. Let d be l(5). Let b = 20 + d. Calculate the greatest common divisor of 34 and b.
17
Let i be 12/(-4)*2*-1. Let z be (-6)/4*(-4)/i. What is the greatest common factor of z and 2?
1
Let n = 567 + -83. Suppose 4*i = 4*z - 0*i - n, -i = 4*z - 484. Calculate the highest common divisor of z and 11.
11
Let i be 2/5 + 46/10. Suppose 2*j - 5*j = 0. Suppose j*m = -2*m + 30. Calculate the greatest common divisor of m and i.
5
Suppose -3*j + 0*j = 21. Let o = j + 10. Suppose -o*d - 2*d + 325 = 0. What is the greatest common divisor of d and 26?
13
Suppose 0 = 2*t - 3 + 1. Let a(y) = -1. Let p(l) = 5*l + 7. Let x(k) = t*p(k) + 6*a(k). Let g be x(1). What is the greatest common factor of 15 and g?
3
Suppose -u = -5*f + 10, -f = 4*f - 3*u. Let k be 15*(6/(-5) + f). Calculate the highest common factor of k and 9.
9
Let k = 17 - -63. Calculate the greatest common divisor of 40 and k.
40
Let s = -1 - -9. Suppose 0*j = -4*j + s. Suppose 2*p + 3*g + 1 = -3, -5*p + 1 = j*g. Calculate the highest common factor of p and 2.
1
Let g be (-456)/(-21) - (-8)/28. Calculate the greatest common factor of g and 154.
22
Suppose 3 = 5*n + 3*o - 8, 3*n = -o + 5. Let z be (-1)/((-1)/6*2). Calculate the highest common divisor of z and n.
1
Let o(w) = 3*w**2 + w + 1. Let f be o(-1). Suppose -5*g = 2*t - 0*t - 126, -2*g + 5*t = -33. Calculate the highest common factor of f and g.
3
Suppose 0 = 3*w - 8*w + c + 22, 5*w + 3*c = 14. Suppose -w*o - 2*u + 44 = 0, -2*o + 6*o + 4*u - 40 = 0. Calculate the greatest common divisor of 12 and o.
12
Suppose -a = 4*h, -h - 2 = -0*h. Calculate the greatest common divisor of a and 184.
8
Suppose 3*a = -a + 496. Let p = -60 + a. Let l = p + -24. What is the greatest common divisor of 8 and l?
8
Let m = 36 - 1. What is the highest common divisor of 35 and m?
35
Let j be (-2 - (1 + -4))*8. Suppose -2*l = l - 6. Let q be ((-32)/(-3))/(l/6). Calculate the highest common divisor of j and q.
8
Let i = -12 + 60. Suppose -2*o = 6, -2*o + 6*o = a + 2. Let p be ((-6)/(-7))/((-2)/a). What is the highest common factor of i and p?
6
Let c be (-2)/5 + (-64)/(-10). Suppose -3*k = -c*k + 30. Calculate the highest common factor of k and 5.
5
Let a = 2 - -1. Suppose -5*i + 148 = 3*l - 125, -l = 4*i - 217. Suppose -a*k - 3*v + i = 0, -2 = -k - 4*v + 7. Calculate the greatest common factor of 7 and k.
7
Let l = -5 - -51. Calculate the greatest common divisor of 23 and l.
23
Let z(y) = 20*y**3 + 2*y**2 - y. Let c be z(1). Let h = 3 + -1. Let j be h/(-6) + (-86)/(-6). Calculate the highest common divisor of c and j.
7
Let w be 2/6 + (-118)/(-6). Let i = w + -32. Let c = 19 + i. What is the greatest common factor of c and 63?
7
Let b be (-2)/(-6) + 15/9. Suppose 42 + 3 = 2*q - t, 3*t = -b*q + 41. What is the highest common divisor of q and 88?
22
Suppose c + 20 = 2*c - x, 0 = 2*c + x - 52. Calculate the highest common factor of c and 40.
8
Let m(o) = -o**2 - 21*o + 15. Let t be m(-21). Suppose -2*d = -0*d + 3*n, 0 = d + 5*n + 7. What is the highest common divisor of d and t?
3
Let i(t) = t**2 + 6*t - 2. Let w be i(-6). Let d be (-5)/w*(2 + 0). Calculate the greatest common factor of 2 and d.
1
Suppose -4*z + 18 = 2*p, -8*p + 3*p = -5*z. Suppose z*h = 6*h - 51. Let b be 0/(-1) - 1 - -120. Calculate the greatest common factor of h and b.
17
Suppose 17 = -5*u + 52. Let h(t) = t**2 - 5*t + 10. Let v be h(u). What is the greatest common factor of 24 and v?
24
Suppose z = -3*z + 96. Suppose -2*c + 5*c = 0. Let y be 11 + c + 2 + -1. Calculate the greatest common factor of y and z.
12
Suppose k + 14 = -4*l - 6, 4*k = -2*l - 10. Suppose k = -6*v + v + 45. Calculate the highest common divisor of 99 and v.
9
Suppose 6*r - 2*r = 240. What is the greatest common divisor of r and 12?
12
Let v(u) = 2*u**2 - 9*u + 15. Let f be v(4). What is the greatest common factor of f and 11?
11
Suppose 0 - 1 = -p. Calculate the highest common divisor of 1 and p.
1
Let u(x) = -6*x**3 - x**2 + 5*x + 8. Let j(a) = a**3 + a**2 - a - 1. Let c(q) = -4*j(q) - u(q). Let i be c(3). What is the highest common factor of i and 160?
20
Let c be 12/((-2)/2*-1). Calculate the greatest common factor of 2 and c.
2
Suppose 0 = -0*z + 2*z - 2*n - 12, 5*z = -4*n - 15. What is the highest common divisor of 5 and z?
1
Suppose 0 = 2*o + o + 3. Let d be 3*o*160/(-6). Let v be (-2)/7 - 142/(-7). What is the greatest common factor of d and v?
20
Suppose 0 = -8*c + 3*c + 440. Let h be 0*1/4*-2. Suppose h*m = m - 11. What is the greatest common factor of m and c?
11
Let t be 927/6 - 2/4. What is the greatest common divisor of 14 and t?
14
Suppose 2 + 3 = 5*n. Let a be (70 - 4) + n*-3. What is the highest common factor of a and 9?
9
Let z = 29 + -7. Let d(c) = -c + 2. Let h be 18/30 - (-6)/(-10). Let b be d(h). What is the highest common divisor of z and b?
2
Suppose -2*y - 5 + 0 = -m, -2*m = -5*y - 8. Calculate the highest common factor of m and 81.
9
Suppose 3*z - 411 = -4*i - 0*z, -6 = 2*z. Calculate the highest common divisor of 15 and i.
15
Let d = -42 + 107. What is the greatest common divisor of d and 26?
13
Let f(o) = -o**3 - 4*o**2 - 4*o + 2. Let m be f(-4). Calculate the highest common divisor of m and 162.
18
Let l(j) = j**3 + 4*j**2 - 2*j + 5. Let r be l(-5). Let y = 20 - r. Calculate the greatest common divisor of y and 20.
10
Let w be ((-8)/3)/2*-3. Let n be (-1 - 18)*-2*3. Suppose 4*k - 52 = -0*g - g, 0 = 3*g - 2*k - n. What is the greatest common divisor of g and w?
4
Suppose 52 = j - 74. What is the greatest common factor of j and 14?
14
Suppose -7*h = -3*h - 280. Suppose 3*v + 8 = 5*o, -3*v - 2*o + 20 = -0*o. Suppose g = -v*g + 50. What is the highest common divisor of h and g?
10
Suppose 0 = w - 2*w - 5*t + 22, 0 = 2*w - 4*t + 26. Let r = w - -8. Let v(o) = o**2 + o + 2. Let j be v(r). What is the highest common factor of 80 and j?
16
Let s be (0 + -2 - 60/(-1)) + -2. What is the greatest common divisor of s and 8?
8
Let l be (2/2 - 2)*-13. Let j(h) = -h**2 - 6*h + 5. Let a be j(-6). Suppose -3*d + l + a = 0. What is the greatest common factor of d and 12?
6
Suppose 0 = -0*k + 4*k, -5*k = 3*h - 63. Calculate the highest common divisor of h and 105.
21
Let o = 87 - -12. Calculate the highest common factor of 9 and o.
9
Let p = -15 + 29. What is the highest common divisor of p and 70?
14
Let z(p) = 3*p - 4. Let w be z(3). Let r be -2*(-1)/2 - 2. Let k = w - r. Calculate the greatest common factor of 4 and k.
2
Let w be (-13832)/(-70) + 4/10. Calculate the greatest common factor of w and 18.
18
Suppose -61 = -5*i + n + 12, -4*i - 5*n = -70. Let b be (-4)/(-18) + 943/9. What is the greatest common divisor of b and i?
15
Let d be (1*33/12)/((-2)/(-72)). Calculate the highest common factor of d and 11.
11
Let c(w) = 1 + 5*w - 5*w + 45*w. Let d be c(1). What is the highest common divisor of 69 and d?
23
Let i(k) = 3*k**2 - 4*k - 3. Let l(c) = -c + 8. Let z be l(11). Let t be i(z). What is the highest common divisor of t and 9?
9
Let t be (-5754)/(-30) + (-1)/(-5). Let d be (-28)/3*(-72)/28. Calculate the greatest common factor of t and d.
24
Let b be -2*3/(96/(-52))*4. What is the highest common divisor of 208 and b?
13
Suppose 0 = 3*g - 2*g - 6. Suppose 4*i = -2*y - y - 9,